{"id":224,"date":"2025-01-23T19:40:26","date_gmt":"2025-01-23T19:40:26","guid":{"rendered":"https:\/\/edebiyatatlasi.com\/?page_id=224"},"modified":"2025-01-29T00:16:42","modified_gmt":"2025-01-29T00:16:42","slug":"cankiri","status":"publish","type":"page","link":"https:\/\/edebiyatatlasi.com\/?page_id=224","title":{"rendered":"\u00c7ank\u0131r\u0131"},"content":{"rendered":"\n<h2 class=\"wp-block-heading\">ROMANLAR<\/h2>\n\n\n\n<p><strong>SA\u011eIRDERE(KEMAL TAH\u0130R)<\/strong><\/p>\n\n\n\n<p>Sa\u011f\u0131rdere\u2019de, Kemal Tahir, hikayesini k\u00f6y-kent ikilemi \u00fczerine kurarken, yoksul k\u00f6yl\u00fcn\u00fcn k\u00fc\u00e7\u00fck d\u00fcnyas\u0131n\u0131 olanca sadeli\u011fi ve samimiyetiyle anlat\u0131r. \u00c7ocuksu bir a\u015fkla tutuldu\u011fu k\u0131za kavu\u015famayan Mustafa\u2019n\u0131n k\u00f6ye katlanamay\u0131p Ankara\u2019ya \u00e7al\u0131\u015fmaya gitmesi, orada b\u00fct\u00fcn zorluklara ra\u011fmen tutunmaya \u00e7al\u0131\u015fmas\u0131, kent hayat\u0131n\u0131 g\u00f6r\u00fcp, kendini sorgulamaya ba\u015flamas\u0131,<\/p>\n\n\n\n<p>sonras\u0131nda ise de\u011fi\u015ferek k\u00f6ye geri d\u00f6nmesini anlatan &#8220;Sa\u011f\u0131rdere&#8221;, bir yandan da naif bir a\u015fk ve ergenlik hik\u00e2yesidir.Bu pastoral roman, k\u00fc\u00e7\u00fck, yoksul ama ya\u015fam dolu d\u00fcnyalar\u0131n i\u00e7ine bizi yeniden ta\u015f\u0131rken, feodal d\u00fcnyan\u0131n ac\u0131mas\u0131zl\u0131\u011f\u0131n\u0131 da g\u00f6z \u00f6n\u00fcne seriyor&#8230;(kitapyurdu, 2019)<\/p>\n\n\n\n<h2 class=\"wp-block-heading\">Halk Hikayesi, Hikaye, destan<\/h2>\n\n\n\n<p><strong>Pencere (Etfal Y\u0131ld\u0131z) <\/strong><\/p>\n\n\n\n<p>K\u00f6y\u00fcne ve \u015fehrine olan sevgisini ve ahde vefas\u0131n\u0131 ikinci roman\u0131yla ta\u00e7land\u0131ran Y\u0131ld\u0131z; yeni kitab\u0131yla, bir anlamda k\u00f6yden \u015fehre bir pencere a\u00e7arak &#8220;K\u00f6yden \u015fehre g\u00f6\u00e7 etmenin, \u015fehirli olmay\u0131 sa\u011flamad\u0131\u011f\u0131n\u0131 ve o k\u00fclt\u00fcre eri\u015febilmek i\u00e7in bir s\u00fcre\u00e7 gerekti\u011fini ve k\u00fclt\u00fcrel de\u011fi\u015fimi h\u0131zla ya\u015fayabilmek i\u00e7in, de k\u00fclt\u00fcrel geli\u015fimi h\u0131zland\u0131rmak gerekti\u011fini&#8230;&#8221; vurguluyor. K\u00f6y\u00fcn\u00fc, \u015fehrini ve \u00e7evresini keskin bir g\u00f6zle inceleyerek, kimlikleri, realist bir perspektifle roman karakterlerine d\u00f6n\u00fc\u015ft\u00fcrenEftal Y\u0131ld\u0131z, k\u00f6ye dair bir\u00e7ok bile\u015feni,<\/p>\n\n\n\n<p>a\u011falardan e\u015fk\u0131yalara uzanan bir yelpazede erkekleri, kad\u0131nlar\u0131 ve \u00e7ocuklar\u0131, k\u00f6yden hi\u00e7 \u00e7\u0131kmam\u0131\u015f ya\u015fl\u0131larla k\u00fc\u00e7\u00fck ya\u015fta evini terk edenleri okuyucuyla bulu\u015fturmay\u0131 da ba\u015farm\u0131\u015f. K\u00f6ydeki ekonomik ya\u015fam\u0131 ve d\u00f6n\u00fc\u015f\u00fcm\u00fc romanlar\u0131na yans\u0131tma bi\u00e7imiyle, modernle\u015fmenin \u00f6nemli bir boyutunu da mercek alt\u0131na alm\u0131\u015f. Ayr\u0131ca \u00c7ank\u0131r\u0131\u2019n\u0131n sosyolojik kodlar\u0131n\u0131 ta\u015f\u0131yan roman\u0131nda, gelenek diye dayat\u0131lan baz\u0131 tuhaf adetlerin, k\u00f6yde de asl\u0131nda d\u00fczenin \u00e7ark\u0131n\u0131 \u00e7evirenlerin dayatt\u0131\u011f\u0131 i\u015fler oldu\u011funu da harika resmetmi\u015f.(Y\u0131lmaz, 2023)<\/p>\n\n\n\n<p><strong>Bir Efsane<\/strong><\/p>\n\n\n\n<p><strong>\u00c2\u015f\u0131k \u00d6mer Efsanesi<\/strong> <\/p>\n\n\n\n<p>\u00c2\u015f\u0131k \u00d6mer \u00c7ank\u0131r\u0131 yak\u0131nlar\u0131nda bir k\u00f6yde de\u011firmencilik yapmaktad\u0131r. Ak\u015famlara tek un \u00f6\u011f\u00fct\u00fcr \u00e7al\u0131\u015f\u0131r durur. Bir gece yorgun arg\u0131n yatar. Birden de\u011firmenin durdu\u011funu, do\u011fadaki t\u00fcm seslerin sustu\u011funu hisseder. Kalk\u0131p bakar T\u00fcm do\u011fa Tanr\u0131\u2019ya secde etmektedir. A\u011fa\u00e7lar e\u011filmi\u015f sular durmu\u015ftur an t\u00fcm istekler ger\u00e7ekle\u015fecektir. \u00d6mer Allah\u2019tan saz\u0131na ve s\u00f6z\u00fcne g\u00fc\u00e7 vermesini ister. Dile\u011fi kabul olur. \u00c2\u015f\u0131k \u00d6mer\u2019in ustaca saz \u00e7al\u0131p s\u00f6ylemesi bundand\u0131r.<\/p>\n\n\n\n<figure class=\"wp-block-embed is-type-video is-provider-youtube wp-block-embed-youtube wp-embed-aspect-16-9 wp-has-aspect-ratio\"><div class=\"wp-block-embed__wrapper\">\n<iframe loading=\"lazy\" title=\"18 \u00c7ank\u0131r\u0131\" width=\"604\" height=\"340\" src=\"https:\/\/www.youtube.com\/embed\/p8m-xLb3FPI?feature=oembed\" frameborder=\"0\" allow=\"accelerometer; autoplay; clipboard-write; encrypted-media; gyroscope; picture-in-picture; web-share\" referrerpolicy=\"strict-origin-when-cross-origin\" allowfullscreen><\/iframe>\n<\/div><\/figure>\n\n\n\n<p><\/p>\n\n\n\n<p><strong>Bir Deyi\u015f<\/strong><\/p>\n\n\n\n<p> Deliye dala\u015fmadan \u00e7al\u0131y\u0131 dola\u015fmak evl\u00e2d\u0131r<\/p>\n","protected":false},"excerpt":{"rendered":"<p>ROMANLAR SA\u011eIRDERE(KEMAL TAH\u0130R) Sa\u011f\u0131rdere\u2019de, Kemal Tahir, hikayesini k\u00f6y-kent ikilemi \u00fczerine kurarken, yoksul k\u00f6yl\u00fcn\u00fcn k\u00fc\u00e7\u00fck d\u00fcnyas\u0131n\u0131 olanca sadeli\u011fi ve samimiyetiyle anlat\u0131r. \u00c7ocuksu bir a\u015fkla tutuldu\u011fu k\u0131za kavu\u015famayan Mustafa\u2019n\u0131n k\u00f6ye katlanamay\u0131p Ankara\u2019ya \u00e7al\u0131\u015fmaya gitmesi, orada b\u00fct\u00fcn zorluklara ra\u011fmen tutunmaya \u00e7al\u0131\u015fmas\u0131, kent hayat\u0131n\u0131 g\u00f6r\u00fcp, kendini sorgulamaya ba\u015flamas\u0131, sonras\u0131nda ise de\u011fi\u015ferek k\u00f6ye geri d\u00f6nmesini anlatan &#8220;Sa\u011f\u0131rdere&#8221;, bir yandan da &hellip; <a href=\"https:\/\/edebiyatatlasi.com\/?page_id=224\" class=\"more-link\"><span class=\"screen-reader-text\">\u00c7ank\u0131r\u0131<\/span> yaz\u0131s\u0131na devam et <span class=\"meta-nav\">&rarr;<\/span><\/a><\/p>\n","protected":false},"author":1,"featured_media":0,"parent":0,"menu_order":0,"comment_status":"closed","ping_status":"closed","template":"","meta":{"footnotes":""},"class_list":["post-224","page","type-page","status-publish","hentry"],"_links":{"self":[{"href":"https:\/\/edebiyatatlasi.com\/index.php?rest_route=\/wp\/v2\/pages\/224","targetHints":{"allow":["GET"]}}],"collection":[{"href":"https:\/\/edebiyatatlasi.com\/index.php?rest_route=\/wp\/v2\/pages"}],"about":[{"href":"https:\/\/edebiyatatlasi.com\/index.php?rest_route=\/wp\/v2\/types\/page"}],"author":[{"embeddable":true,"href":"https:\/\/edebiyatatlasi.com\/index.php?rest_route=\/wp\/v2\/users\/1"}],"replies":[{"embeddable":true,"href":"https:\/\/edebiyatatlasi.com\/index.php?rest_route=%2Fwp%2Fv2%2Fcomments&post=224"}],"version-history":[{"count":3,"href":"https:\/\/edebiyatatlasi.com\/index.php?rest_route=\/wp\/v2\/pages\/224\/revisions"}],"predecessor-version":[{"id":756,"href":"https:\/\/edebiyatatlasi.com\/index.php?rest_route=\/wp\/v2\/pages\/224\/revisions\/756"}],"wp:attachment":[{"href":"https:\/\/edebiyatatlasi.com\/index.php?rest_route=%2Fwp%2Fv2%2Fmedia&parent=224"}],"curies":[{"name":"wp","href":"https:\/\/api.w.org\/{rel}","templated":true}]}}

Çankırı

<h2 class="wp-block-heading">ROMANLAR</h2>



<p><strong>SAĞIRDERE(KEMAL TAHİR)</strong></p>



<p>Sağırdere’de, Kemal Tahir, hikayesini köy-kent ikilemi üzerine kurarken, yoksul köylünün küçük dünyasını olanca sadeliği ve samimiyetiyle anlatır. Çocuksu bir aşkla tutulduğu kıza kavuşamayan Mustafa’nın köye katlanamayıp Ankara’ya çalışmaya gitmesi, orada bütün zorluklara rağmen tutunmaya çalışması, kent hayatını görüp, kendini sorgulamaya başlaması,</p>



<p>sonrasında ise değişerek köye geri dönmesini anlatan &#8220;Sağırdere&#8221;, bir yandan da naif bir aşk ve ergenlik hikâyesidir.Bu pastoral roman, küçük, yoksul ama yaşam dolu dünyaların içine bizi yeniden taşırken, feodal dünyanın acımasızlığını da göz önüne seriyor&#8230;(kitapyurdu, 2019)</p>



<h2 class="wp-block-heading">Halk Hikayesi, Hikaye, destan</h2>



<p><strong>Pencere (Etfal Yıldız) </strong></p>



<p>Köyüne ve şehrine olan sevgisini ve ahde vefasını ikinci romanıyla taçlandıran Yıldız; yeni kitabıyla, bir anlamda köyden şehre bir pencere açarak &#8220;Köyden şehre göç etmenin, şehirli olmayı sağlamadığını ve o kültüre erişebilmek için bir süreç gerektiğini ve kültürel değişimi hızla yaşayabilmek için, de kültürel gelişimi hızlandırmak gerektiğini&#8230;&#8221; vurguluyor. Köyünü, şehrini ve çevresini keskin bir gözle inceleyerek, kimlikleri, realist bir perspektifle roman karakterlerine dönüştürenEftal Yıldız, köye dair birçok bileşeni,</p>



<p>ağalardan eşkıyalara uzanan bir yelpazede erkekleri, kadınları ve çocukları, köyden hiç çıkmamış yaşlılarla küçük yaşta evini terk edenleri okuyucuyla buluşturmayı da başarmış. Köydeki ekonomik yaşamı ve dönüşümü romanlarına yansıtma biçimiyle, modernleşmenin önemli bir boyutunu da mercek altına almış. Ayrıca Çankırı’nın sosyolojik kodlarını taşıyan romanında, gelenek diye dayatılan bazı tuhaf adetlerin, köyde de aslında düzenin çarkını çevirenlerin dayattığı işler olduğunu da harika resmetmiş.(Yılmaz, 2023)</p>



<p><strong>Bir Efsane</strong></p>



<p><strong>Âşık Ömer Efsanesi</strong> </p>



<p>Âşık Ömer Çankırı yakınlarında bir köyde değirmencilik yapmaktadır. Akşamlara tek un öğütür çalışır durur. Bir gece yorgun argın yatar. Birden değirmenin durduğunu, doğadaki tüm seslerin sustuğunu hisseder. Kalkıp bakar Tüm doğa Tanrı’ya secde etmektedir. Ağaçlar eğilmiş sular durmuştur an tüm istekler gerçekleşecektir. Ömer Allah’tan sazına ve sözüne güç vermesini ister. Dileği kabul olur. Âşık Ömer’in ustaca saz çalıp söylemesi bundandır.</p>



<figure class="wp-block-embed is-type-video is-provider-youtube wp-block-embed-youtube wp-embed-aspect-16-9 wp-has-aspect-ratio"><div class="wp-block-embed__wrapper">
<iframe loading="lazy" title="18 Çankırı" width="604" height="340" src="https://www.youtube.com/embed/p8m-xLb3FPI?feature=oembed" frameborder="0" allow="accelerometer; autoplay; clipboard-write; encrypted-media; gyroscope; picture-in-picture; web-share" referrerpolicy="strict-origin-when-cross-origin" allowfullscreen></iframe>
</div></figure>



<p></p>



<p><strong>Bir Deyiş</strong></p>



<p> Deliye dalaşmadan çalıyı dolaşmak evlâdır</p>

<p>ROMANLAR SAĞIRDERE(KEMAL TAHİR) Sağırdere’de, Kemal Tahir, hikayesini köy-kent ikilemi üzerine kurarken, yoksul köylünün küçük dünyasını olanca sadeliği ve samimiyetiyle anlatır. Çocuksu bir aşkla tutulduğu kıza kavuşamayan Mustafa’nın köye katlanamayıp Ankara’ya çalışmaya gitmesi, orada bütün zorluklara rağmen tutunmaya çalışması, kent hayatını görüp, kendini sorgulamaya başlaması, sonrasında ise değişerek köye geri dönmesini anlatan &#8220;Sağırdere&#8221;, bir yandan da &hellip; <a href="https://edebiyatatlasi.com/?page_id=224" class="more-link"><span class="screen-reader-text">Çankırı</span> yazısına devam et <span class="meta-nav">&rarr;</span></a></p>
